 -3 + -9)
5
Calculate 0 - ((-3 - 4) + 7 + -7).
7
What is the value of 21 - 23 - (2 + (-4 - 0))?
0
What is (-3 - -4) + -2 + -1 + 3?
1
What is the value of -4 + (9 - 6) + -9?
-10
Calculate (1 + -1 - (-8 - -11)) + 0.
-3
What is 4 + (5 - 4) + 0 + -8?
-3
Evaluate 0 + 1 + -3 - (-9 + 11).
-4
-2 + -1 + -3 + 7 + -4
-3
-1 + 2 + 2 + -4 + -3
-4
What is the value of 7 + -9 - (4 + -3)?
-3
What is -3 - (1 - 18) - (-8 - -15)?
7
What is -3 + 1 + (-3 - 1) + 11?
5
What is 7 - (8 - 1) - -7?
7
Calculate (16 + -1 - (53 + -45)) + 0.
7
What is -14 + 8 - (-2 + 1)?
-5
Evaluate (0 - (-3 + 8)) + 10.
5
19 - 9 - (-5 + 8)
7
(-4 - 2) + (-6 - -7)
-5
What is -3 - (3 + 1 + -2 + -1)?
-4
Calculate 34 + -41 + 4 + 2 + 5.
4
What is 6 + -8 + 9 + -4 - 1?
2
What is the value of -3 - (-12 - (-7 - -1 - -2))?
5
Evaluate -4 - (1 - (19 - 9)).
5
What is the value of 2 - (-4 + -1 + (4 - -1))?
2
What is 6 - (7 - (-6 + 11))?
4
Evaluate 0 - (6 - 3) - (0 + -3).
0
What is the value of 2 - ((9 - 4 - 4) + -2)?
3
Evaluate -4 + -1 + (-5 - (-3 + -3)).
-4
Calculate 11 - (21 - 0 - 12).
2
-1 + (-6 - -7) + 2 + 3
5
Evaluate (-1 - 1) + 0 + 0 + -1.
-3
Evaluate -21 + 24 + 2 + -6 + 0.
-1
(-6 - -4) + (-2 - -8) - 7
-3
What is the value of -10 + (8 - (-2 + -4))?
4
Calculate -2 - (6 - (2 + 1)).
-5
What is 1 + -2 + 4 + (-8 - -1)?
-4
Calculate 0 - -7 - (-12 - (-19 - 5)).
-5
-70 + 74 - ((2 - 1) + 1)
2
Evaluate (2 - (5 + -5)) + (1 - 0).
3
What is the value of 1 + (0 - -2) + -7?
-4
Evaluate 0 + -6 - ((20 - 6) + -23).
3
Calculate 4 + (-4 - -3) + -4 + -1.
-2
18 - (-6 + -12 + 31)
5
What is the value of 7 + -8 + -11 + 6?
-6
Calculate 3 - (3 - (0 - 4)).
-4
0 - 1 - (-8 + 10)
-3
What is -4 + 8 + 0 - (-7 + 3)?
8
What is the value of 3 + (5 + -4 - 5)?
-1
What is the value of 7 + -1 - 3 - 5?
-2
12 - (1 + 1 + (57 - 56))
9
Calculate (-3 - 4) + 4 + 1 + 0.
-2
Evaluate -8 + 1 - (6 + -8 + 1).
-6
Calculate -8 + -5 + 7 - (6 - 9).
-3
Calculate 5 + (1 - 6) + 1.
1
262 + -264 - ((0 - -1) + 3)
-6
11 - 16 - -13 - (-2 - -2)
8
Evaluate 10 + 13 + -22 - 2.
-1
Evaluate (4 - 2) + 4 + -5.
1
Evaluate (-2 + 1 - -9) + (-1 - -1).
8
What is the value of (-3 - (3 + -2)) + 1?
-3
What is -8 + 23 - (11 - 2)?
6
Evaluate (2 - 1) + 2 + -11 + 5.
-3
(1 - (-5 + (6 - 3))) + -3
0
-23 + (22 - 2) + -7
-10
-1 + 6 + (-4 - -3)
4
Calculate (5 + (5 - 15) - -1) + 2.
-2
What is (-3 - -1) + 0 + 0?
-2
What is -7 + 2 - -3 - -4?
2
Calculate -1 + -4 + -5 + 14 + -6.
-2
What is the value of 2 - 6 - (-10 + 8)?
-2
Calculate -5 + (0 - -1 - -3 - 3).
-4
What is -2 + (0 - -3) - (-4 + 0)?
5
Calculate 1 - 4 - (-1 - 1).
-1
What is the value of 0 - (-6 - -2 - -4)?
0
What is the value of -4 + -5 + 2 + 5 + -3?
-5
What is -5 + (2 - -3) + -4?
-4
What is the value of -4 + (15 - 16 - (-2 - 3))?
0
-3 + 6 + -4 - 4
-5
What is 3 - ((11 - 14) + 13)?
-7
Calculate (17 - -3) + -12 - 15.
-7
Calculate 2 - -3 - (21 - 16).
0
What is 6 + -8 - -4 - (9 + -1)?
-6
What is (-6 - 1) + (-8 - -5 - -7)?
-3
What is -2 - -7 - (-5 - -12)?
-2
What is 3 - 2 - 3 - (2 + -6)?
2
What is the value of 1 - 0 - (-22 + 27)?
-4
What is the value of (-1 - 0) + -3 + 5 + -4?
-3
Calculate 5 + -9 - (-2 + 0).
-2
Evaluate 1 + (-2 - -4) + -2 + -2.
-1
What is -3 + -3 + 9 + 0?
3
Evaluate 7 - 4 - 4 - 5.
-6
Evaluate (49 - 43) + (-2 - (-2 + 9)).
-3
What is -7 + 9 + -4 - 2 - -1?
-3
Evaluate (-12 - 2) + (19 - 7).
-2
Calculate 1 + -4 + -3 + (1 - -4).
-1
Calculate -1 - (1 + -3) - 0.
1
What is -6 - (1 - -7 - 9)?
-5
Calculate (-10 - (4 - 7)) + 9.
2
Calculate -8 + -2 + 0 + 5 - -4.
-1
What is the value of 0 - (-9 + (4 + -1 - -2))?
4
Evaluate -7 + 10 + -2 + 2.
3
What is (0 + 2 - 1) + -4?
-3
What is the value of (3 + 4 + -1 - 2) + -2?
2
Evaluate 3 + -3 + 4 + -3.
1
What is the value of -3 + (3 - 0) + 4?
4
Evaluate 2 - ((-2 - -5) + -6) - 4.
1
Calculate -2 + 9 + -7 + -11 + 7.
-4
Evaluate 2 + -2 + -5 + (8 - 4).
-1
What is -7 + -2 + (5 - -1)?
-3
0 + -1 - 3 - (-2 - 1)
-1
Calculate -1 + 13 + -2 + -33 + 26.
3
-4 - (1 - 2) - -4
1
What is (-21 - -9 - -9) + 2?
-1
2 + 2 - ((-1 - -5) + 4)
-4
-17 - -6 - (2 - 15)
2
What is 0 - 0 - (10 - 3 - 2)?
-5
What is the value of -3 + 8 + (-1 - (2 - -1))?
1
Calculate 6 - -4 - 3 - (4 - 0).
3
Evaluate 1 - 1 - 8 - (476 - 474).
-10
Evaluate (-4 - 2) + 2 + (16 - 9).
3
Evaluate (1 - 4) + 0 + 1.
-2
Evaluate (1 - (-1 + -1)) + 0.
3
What is the value of 21 - 13 - 4 - (4 + -2)?
2
What is the value of (-7 - -1) + 0 + (-1 - -2)?
-5
What is the value of (1 + -2 - -2) + -99 + 93?
-5
Calculate (1 - 3) + 4 + 1.
3
What is (0 - -1) + (6 - 3)?
4
What is the value of -5 - (-6 + 1) - (6 + -1)?
-5
What is -20 - -22 - (0 + 1)?
1
What is -14 + 13 + 1 + 4?
4
What is -3 + (3 - 2) + -9?
-11
Calculate 3 + -6 + -3 + 6.
0
What is the value of (-5 - -1 - -4) + -2 + -7?
-9
Evaluate 16 - 3 - 8 - 4 - -1.
2
Calculate (-7 + 10 - 10) + 4.
-3
Calculate 0 + 1 - -10 - 5.
6
-6 - (-8 + (-10 - (-6 + -3)))
3
Calculate 18 + -6 + -7 + 0.
5
What is the value of -9 - (-4 - 4 - -5)?
-6
Evaluate -43 + 57 - (7 + -2).
9
Evaluate (1 - 4) + -7 + 5 + 1.
-4
What is -1 + 5 + 0 + (28 - 34)?
-2
What is the value of 0 - (1 + -4 - -5)?
-2
Calculate -2 - ((2 - 12) + 3 - -4).
1
What is the value of 4 - (11 - (-3 - -5)) - -7?
2
-3 - (3 - 5) - (-2 - 2)
3
Evaluate 0 + 11 + -20 - -11.
2
Evaluate 18 + (-3 - -5) - 13.
7
Evaluate 6 + (-9 - (-29 - -15)).
11
Calculate (1 - (6 - (-6 - -5))) + 7.
1
Evaluate (-6 - (7 - 22)) + -1.
8
What is the value of 1 + 3 + 1 + (-2 - -2)?
5
What is the value of 5 - (1 - -4 - 5)?
5
Evaluate (-6 - -9) + (-1 + 5 - 1).
6
6 + (-8 + -1 - 1)
-4
Calculate 7 + 0 + -6 + 2.
3
Calculate 3 + (-8 - -3) - -5.
3
What is the value of 4 + (-3 + 5 - 3)?
3
What is -4 + 2 + 7 + -8 + 5?
2
What is -4 + 16 - 1 - 5?
6
Evaluate 5 + -11 + -6 + 4.
-8
Evaluate 3 + (-5 - -12 - (1 + 3)).
6
3 + -3 - -2 - 4 - 3
-5
Calculate (0 + -4 - 0) + -144 + 147.
-1
Evaluate (1 - -1 - 0) + 4 + -5.
1
Calculate 1 - 2 - -2 - 1.
0
-3 + 3 - (-4 + (2 - 3))
5
What is the value of -6 + 13 - 5 - -4?
6
What is 7 - (6 - 8) - (7 + 0)?
2
Calculate 1 - 4 - (-18 - -18).
-3
Evaluate (-2 - (-5 + 3 - 0)) + -2.
-2
What is -2 + 7 + -15 - -5?
-5
What is the value of 64 + -68 + (0 - 2 - -2)?
-4
What is 13 + (-14 - -3) - -5?
7
(-6 - -3) + 5 + (10 - 11)
1
2 - ((1 - -1) + (-4 - -3))
1
-21 + 14 - (1 - 10)
2
Calculate (-5 - (5 + 4 + -12)) + 1.
-1
What is the value of 7 + -16 + (3 + 2 - 1)?
-5
What is the value of -3 - -1 - 5 - -13?
6
-4 - (-9 - -1) - (21 - 26)
9
What is the value of -1 - (11 + -10) - (5 - 1)?
-6
Evaluate (-8 + 6 - (2 + -3)) + 0.
-1
What is 6 - 4 - (-48 + 41)?
9
Evaluate -2 - ((1 - 2) + 6 - 5).
-2
Evaluate -2 + (-1 - (7 - 12)).
2
Calculate -7 - (4 + -8) - -2.
-1
What is the value of -4 + 0 - (2 - 16 - -1)?
9
Evaluate 7 + -3 + 1 + -1.
4
Evaluate -1 + (-30 - -23) + 0 + 13.
5
What is 4 - (4 + -8 + 8 + 2)?
-2
Calculate 1 + -4 - (0 - (3 + -1)).
-1
Evaluate (3 - 1) + 2 - (-17 - -25).
-4
-4 + 2 - (-8 - -8)
-2
What is the value of -1 + (-1 - -3 - 6)?
-5
10 - (-5 - -9) - (2 - 0)
4
Calculate 12 + -7 - (2 + 4 - -1).
-2
What is the value of 5 + -2 + -11 + 3?
-5
What is the value of -8 + (-2 - (-1 - 4))?
-5
What is the value of (6 + -2 - 8) + 5 - 9?
-8
What is the value of 2 + (0 - -3) + -6?
-1
What is 2 - -5 - (9 + -3)?
1
Calculate -7 - (-4 - (-5 + 2)).
-6
Evaluate -1 + (10 - 6) + -6.
-3
Evaluate -2 + 5 + -9 + (0 - -7).
1
What is (25 - 32) + 7 + 1?
1
0 + (-4 - (-7 + 4))
-1
What is the value of (0 - (12 - 5)) + 14?
7
What is -3 - (1 - (-1 + 1))?
-4
Evaluate (-3 + 3 - -3) + -2.
1
What is the value of (-2 - 1) + (4 - (-13 - -11))?
3
Calculate (-1 - -7) + -15 + 7 - -4.
2
What is 11 - ((-87 - -94) + 0 + -6)?
10
Calculate (-11 - -10) + 0 + -4.
-5
What is the value of -2 + (-1 - 1) + (10 - 11)?
-5
Evaluate -6 - (-11 - -11) - -4.
-2
Evaluate 3 - ((7 - 3) + 1) - 0.
-2
Evaluate -5 - -5 - (0 + 0 + 1).
-1
Evaluate (-1 - -1 - -2) + -157 + 156.
1
What is 3 + 1 + -1 - -1?
4
Evaluate 7 - 1 - (11 + -1 + 0).
-4
1 + 3 - (0 - -3) - 2
-1
4 - (-6 + 8) - 7
-5
Calculate (4 - -1) + -9 + 14 + -6.
4
What is the value of 7 + (5 + (0 - 20) - -6)?
-2
What is the value of 13 + -4 + 1 + -3 + -3?
4
7 + -15 - -15 - (12 + 0)
-5
What is the value of 4 - (11 + (0 - 2))?
-5
Evaluate 16 + -21 - (3 - (-2 + 12)).
2
(4 + -5 - -2) + (-1 - 1)
-1
What is 2 + -2 + 12 + -4 + -4?
4
What is 0 - (-1 - (-3 + -2) - 3)?
-1
Evaluate -3 + (7 - 2) + (-4 - -1).
-1
2 + 5 + 6 + (4 - 10)
7
Cal